{"id":466,"date":"2026-02-04T12:05:32","date_gmt":"2026-02-04T12:05:32","guid":{"rendered":"https:\/\/kvadar.ifzg.hr\/?page_id=466"},"modified":"2026-02-04T12:07:03","modified_gmt":"2026-02-04T12:07:03","slug":"sazetak-projekta-kvadar","status":"publish","type":"page","link":"https:\/\/kvadar.ifzg.hr\/index.php\/sazetak-projekta-kvadar\/","title":{"rendered":"Sa\u017eetak projekta KvaDAr"},"content":{"rendered":"\n<p>Aristotel je smatrao da je prirodni svijet sazdan od elementarnih kvaliteta (toplo-hladno, suho-vla\u017eno), uklju\u010duju\u0107i organizme koji zahvaljuju\u0107i svojim du\u0161ama reagiraju na kvalitete u svojim okolinama, bilo kemijski (biljke) ili intencionalno (\u017eivotinje), putem osjetilnog opa\u017eanja i predo\u010davanja. U ovom projektu istra\u017eit \u0107emo Aristotelovo poimanje elementarnih i emergentnih kvaliteta u prirodi te njegovo poimanje du\u0161e kao skupa sposobnosti koje \u017eivim bi\u0107ima omogu\u0107uju da na razli\u010dite na\u010dine reagiraju na kvalitete u svojim okolinama. Nadalje, razmotrit \u0107emo kako je u razdoblju renesanse do\u0161lo do prijelaza s aristotelovskog kvalitativnog na galilejevsko kvantitativno poimanje svijeta te je li taj pomak utjecao na kartezijansko kvalitativno poimanje uma koje se pokazuje nedostupnim znanstvenom obja\u0161njenju. Osim toga, istra\u017eit \u0107emo razvoj Aristotelova poimanja osjetilne i predod\u017ebene sposobnosti du\u0161e, osobito tzv. zajedni\u010dkog osjetila (<em>sensus communis<\/em>), od Teofrasta do gr\u010dkih komentatora, te razmotriti odnos du\u0161e i intelekta u kasnijoj aristotelovskoj filozofiji, netom prije novovjekovnog prevladavanja aristotelovske filozofije. U sklopu ovog projekta izdat \u0107emo po prvi puta jedan rukopis Nikole Vitova Gu\u010deti\u0107a, objaviti \u0107emo monografiju o Frani Petri\u0107u s popratnim sveskom koji donosi izbor iz njegova djela, te radove o Ru\u0111eru Bo\u0161kovi\u0107u \u010dija su djela priredila teren za modernu znanost, tj. za prijelaz s kvalitativnog na kvantitativno poimanje svijeta.<\/p>\n","protected":false},"excerpt":{"rendered":"<p>Aristotel je smatrao da je prirodni svijet sazdan od elementarnih kvaliteta (toplo-hladno, suho-vla\u017eno), uklju\u010duju\u0107i organizme koji zahvaljuju\u0107i svojim du\u0161ama reagiraju&hellip;<\/p>\n","protected":false},"author":1,"featured_media":0,"parent":0,"menu_order":0,"comment_status":"closed","ping_status":"closed","template":"","meta":{"_regular_price":[],"currency_symbol":[],"_themeisle_gutenberg_block_has_review":false,"footnotes":""},"class_list":["post-466","page","type-page","status-publish","hentry"],"post_slider_layout_featured_media_urls":{"thumbnail":"","post_slider_layout_landscape_large":"","post_slider_layout_portrait_large":"","post_slider_layout_square_large":"","post_slider_layout_landscape":"","post_slider_layout_portrait":"","post_slider_layout_square":"","full":""},"_links":{"self":[{"href":"https:\/\/kvadar.ifzg.hr\/index.php\/wp-json\/wp\/v2\/pages\/466","targetHints":{"allow":["GET"]}}],"collection":[{"href":"https:\/\/kvadar.ifzg.hr\/index.php\/wp-json\/wp\/v2\/pages"}],"about":[{"href":"https:\/\/kvadar.ifzg.hr\/index.php\/wp-json\/wp\/v2\/types\/page"}],"author":[{"embeddable":true,"href":"https:\/\/kvadar.ifzg.hr\/index.php\/wp-json\/wp\/v2\/users\/1"}],"replies":[{"embeddable":true,"href":"https:\/\/kvadar.ifzg.hr\/index.php\/wp-json\/wp\/v2\/comments?post=466"}],"version-history":[{"count":2,"href":"https:\/\/kvadar.ifzg.hr\/index.php\/wp-json\/wp\/v2\/pages\/466\/revisions"}],"predecessor-version":[{"id":470,"href":"https:\/\/kvadar.ifzg.hr\/index.php\/wp-json\/wp\/v2\/pages\/466\/revisions\/470"}],"wp:attachment":[{"href":"https:\/\/kvadar.ifzg.hr\/index.php\/wp-json\/wp\/v2\/media?parent=466"}],"curies":[{"name":"wp","href":"https:\/\/api.w.org\/{rel}","templated":true}]}}