{"id":5,"date":"2020-01-13T11:17:52","date_gmt":"2020-01-13T11:17:52","guid":{"rendered":"https:\/\/demosites.io\/web-agency-gb\/?page_id=5"},"modified":"2026-02-04T14:04:51","modified_gmt":"2026-02-04T14:04:51","slug":"15c42-web-agency-gb-home","status":"publish","type":"page","link":"https:\/\/kvadar.ifzg.hr\/","title":{"rendered":"Kvalitete, du\u0161a i um u aristotelovskoj filozofiji"},"content":{"rendered":"\n<div class=\"wp-block-cover alignfull is-light has-parallax\" style=\"min-height:587px;aspect-ratio:unset;\"><div class=\"wp-block-cover__image-background wp-image-109 has-parallax\" style=\"background-position:50% 50%;background-image:url(https:\/\/kvadar.ifzg.hr\/wp-content\/uploads\/2020\/07\/web-design-studio-01.jpg.jpg)\"><\/div><span aria-hidden=\"true\" class=\"wp-block-cover__background has-background-dim-0 has-background-dim\"><\/span><div class=\"wp-block-cover__inner-container is-layout-flow wp-block-cover-is-layout-flow\">\n<div class=\"wp-block-ive-ibtana-visual-editorheading\"><div class=\"ive-advanced-text-wrap ive-div-advance-text_55b966-dc undefined text-center text-md-center text-lg-center text-xl-center\"><div class=\"ive-text-option-parent\"><img decoding=\"async\" src=\"\"\/><\/div><h2 class=\"ive-heading-parent undefined ive-advanced-text-inner-wrap ive-adv-advance-text_55b966-dc ive-lh-xs-30 ive-lh-sm-30 ive-lh-md-30 ive-lh-lg-30 ive-lh-xl-30\" id=\"ive-adv-advance-text_55b966-dc\"><strong>&#8220;Kvalitete, du\u0161a i um u aristotelovskoj filozofiji&#8221; (KvaDAr) je znanstveni projekt Instituta za filozofiju financiran sredstivma EU unutar Programa oporavka i otpornosti za razdoblje 2024.-2027.<\/strong> <strong>[<a data-id=\"466\" data-type=\"page\" href=\"https:\/\/kvadar.ifzg.hr\/index.php\/sazetak-projekta-kvadar\/\">sa\u017eetak projekta<\/a>]<\/strong><br><br>Projekt ima pet istra\u017eiva\u010dkih dionica (WP) o kojima se mo\u017eete informirati na ovoj stranici.<br>Tako\u0111er, u sklopu projekta uspostavljen je <a data-id=\"378\" data-type=\"page\" href=\"https:\/\/kvadar.ifzg.hr\/index.php\/caps\/\">Centar za istra\u017eivanje anti\u010dke filozofije<\/a> (CAPS).<br><br><span style=\"text-decoration: underline;\">\u010clanovi projekta:<\/span><br><a data-id=\"https:\/\/www.pavel-gregoric.info\" data-type=\"link\" href=\"https:\/\/www.pavel-gregoric.info\">dr. sc. Pavel Gregori\u0107<\/a> (voditelj &#8211; WP Aristotel, Galen)<br><a data-id=\"https:\/\/www.ifzg.hr\/ustroj\/svi_zaposlenici_instituta_za_filozofiju\/borsic-zivotopis\/\" data-type=\"link\" href=\"https:\/\/www.ifzg.hr\/ustroj\/svi_zaposlenici_instituta_za_filozofiju\/borsic-zivotopis\/\">dr. sc. Luka Bor\u0161i\u0107<\/a> (suradnik &#8211; WP Petri\u0107)<br><a data-id=\"https:\/\/unipu.academia.edu\/GoranaStepanic\" data-type=\"link\" href=\"https:\/\/unipu.academia.edu\/GoranaStepanic\">izv. prof. dr. sc. Gorana Stepani\u0107<\/a> (suradnica &#8211; WP Gu\u010deti\u0107)<br><a data-id=\"https:\/\/www.ifzg.hr\/~bkoznjak\/index.htm\" data-type=\"link\" href=\"https:\/\/www.ifzg.hr\/~bkoznjak\/index.htm\">dr. sc. Boris Ko\u017enjak<\/a> (suradnik &#8211; WP Bo\u0161kovi\u0107)<br><br><br><br><\/h2><\/div><\/div>\n<\/div><\/div>\n\n\n\n<div class=\"wp-block-columns is-layout-flex wp-container-core-columns-is-layout-9d6595d7 wp-block-columns-is-layout-flex\">\n<div class=\"wp-block-column is-layout-flow wp-block-column-is-layout-flow\">\n<div style=\"height:20px\" aria-hidden=\"true\" class=\"wp-block-spacer\"><\/div>\n\n\n\n<h3 class=\"wp-block-heading has-text-align-left has-text-align-center has-neve-text-color-color has-text-color\"><a href=\"https:\/\/kvadar.ifzg.hr\/index.php\/aristotel\/\" data-type=\"page\" data-id=\"369\">Aristotel<\/a><\/h3>\n\n\n\n<p><\/p>\n\n\n\n<div class=\"wp-block-buttons is-layout-flex wp-block-buttons-is-layout-flex\"><\/div>\n\n\n\n<div class=\"wp-block-group\"><div class=\"wp-block-group__inner-container is-layout-constrained wp-block-group-is-layout-constrained\">\n<h3 class=\"wp-block-heading has-text-align-left\"><a href=\"https:\/\/kvadar.ifzg.hr\/index.php\/gucetic\/\" data-type=\"page\" data-id=\"372\">Nikola Gu\u010deti\u0107<\/a><\/h3>\n<\/div><\/div>\n\n\n\n<div style=\"height:20px\" aria-hidden=\"true\" class=\"wp-block-spacer\"><\/div>\n<\/div>\n\n\n\n<div class=\"wp-block-column is-layout-flow wp-block-column-is-layout-flow\"><\/div>\n\n\n\n<div class=\"wp-block-column is-layout-flow wp-block-column-is-layout-flow\">\n<div style=\"height:20px\" aria-hidden=\"true\" class=\"wp-block-spacer\"><\/div>\n\n\n\n<h3 class=\"wp-block-heading has-text-align-center has-neve-text-color-color has-text-color\"><a href=\"https:\/\/kvadar.ifzg.hr\/index.php\/galen\/\" data-type=\"page\" data-id=\"382\">Galen<\/a><\/h3>\n\n\n\n<p class=\"has-text-align-center\"><\/p>\n\n\n\n<div class=\"wp-block-group\"><div class=\"wp-block-group__inner-container is-layout-constrained wp-block-group-is-layout-constrained\">\n<h3 class=\"wp-block-heading has-text-align-center\"><strong><a href=\"https:\/\/kvadar.ifzg.hr\/index.php\/objavljeni-radovi\/\" data-type=\"page\" data-id=\"471\">OBJAVLJENI RADOVI<\/a><\/strong><\/h3>\n<\/div><\/div>\n\n\n\n<div style=\"height:20px\" aria-hidden=\"true\" class=\"wp-block-spacer\"><\/div>\n<\/div>\n\n\n\n<div class=\"wp-block-column is-layout-flow wp-block-column-is-layout-flow\"><\/div>\n\n\n\n<div class=\"wp-block-column is-layout-flow wp-block-column-is-layout-flow\">\n<div style=\"height:20px\" aria-hidden=\"true\" class=\"wp-block-spacer\"><\/div>\n\n\n\n<h3 class=\"wp-block-heading has-text-align-right has-text-align-center has-neve-text-color-color has-text-color\">   <a href=\"https:\/\/kvadar.ifzg.hr\/index.php\/petric-patrizi\/\" data-type=\"page\" data-id=\"375\">Frane Petri\u0107<\/a><\/h3>\n\n\n\n<p><\/p>\n\n\n\n<h3 class=\"wp-block-heading alignwide has-text-align-right has-text-align-center has-neve-text-color-color has-text-color\"><a href=\"https:\/\/kvadar.ifzg.hr\/index.php\/boskovic\/\" data-type=\"page\" data-id=\"452\">Ru\u0111er Bo\u0161kovi\u0107<\/a><\/h3>\n\n\n\n<p><\/p>\n<\/div>\n<\/div>\n\n\n\n<div style=\"height:80px\" aria-hidden=\"true\" class=\"wp-block-spacer\"><\/div>\n\n\n\n<p><\/p>\n","protected":false},"excerpt":{"rendered":"<p>Aristotel Nikola Gu\u010deti\u0107 Galen OBJAVLJENI RADOVI Frane Petri\u0107 Ru\u0111er Bo\u0161kovi\u0107<\/p>\n","protected":false},"author":1,"featured_media":0,"parent":0,"menu_order":1,"comment_status":"closed","ping_status":"closed","template":"","meta":{"_regular_price":[],"currency_symbol":[],"_themeisle_gutenberg_block_has_review":false,"footnotes":""},"class_list":["post-5","page","type-page","status-publish","hentry"],"post_slider_layout_featured_media_urls":{"thumbnail":"","post_slider_layout_landscape_large":"","post_slider_layout_portrait_large":"","post_slider_layout_square_large":"","post_slider_layout_landscape":"","post_slider_layout_portrait":"","post_slider_layout_square":"","full":""},"_links":{"self":[{"href":"https:\/\/kvadar.ifzg.hr\/index.php\/wp-json\/wp\/v2\/pages\/5","targetHints":{"allow":["GET"]}}],"collection":[{"href":"https:\/\/kvadar.ifzg.hr\/index.php\/wp-json\/wp\/v2\/pages"}],"about":[{"href":"https:\/\/kvadar.ifzg.hr\/index.php\/wp-json\/wp\/v2\/types\/page"}],"author":[{"embeddable":true,"href":"https:\/\/kvadar.ifzg.hr\/index.php\/wp-json\/wp\/v2\/users\/1"}],"replies":[{"embeddable":true,"href":"https:\/\/kvadar.ifzg.hr\/index.php\/wp-json\/wp\/v2\/comments?post=5"}],"version-history":[{"count":53,"href":"https:\/\/kvadar.ifzg.hr\/index.php\/wp-json\/wp\/v2\/pages\/5\/revisions"}],"predecessor-version":[{"id":481,"href":"https:\/\/kvadar.ifzg.hr\/index.php\/wp-json\/wp\/v2\/pages\/5\/revisions\/481"}],"wp:attachment":[{"href":"https:\/\/kvadar.ifzg.hr\/index.php\/wp-json\/wp\/v2\/media?parent=5"}],"curies":[{"name":"wp","href":"https:\/\/api.w.org\/{rel}","templated":true}]}}